the greatest common factor of k and 60?
12
Let c(i) = 100*i**3 + 3*i**2 + 103*i - 312. Let n be c(3). What is the greatest common divisor of n and 24?
12
Let r = -43 + 51. Suppose -r*d + 138 = 42. Suppose 9*t - 147 + 39 = 0. What is the greatest common factor of d and t?
12
Let d(y) = -y**3 - 6*y**2 + 6*y - 1. Let m be d(-7). Suppose -2*s + 51 = 5*v, -11*v - 4*s + 57 = -m*v. What is the greatest common divisor of 171 and v?
9
Suppose 86*d - 59475 = 47*d. Calculate the highest common factor of 50 and d.
25
Suppose 0 = 1445*q - 1429*q - 33360. What is the greatest common factor of 45 and q?
15
Let y be 9 + (14 - -1788) + (-7)/(-1). Calculate the greatest common divisor of 18 and y.
18
Let l = -39454 + 39461. Let n = 16 - 2. What is the greatest common divisor of l and n?
7
Suppose 5*k = -5*m + 200, m + 7*k = 2*k + 60. Let r be (11 - 326)*3/(-6)*2. What is the highest common divisor of r and m?
35
Let b(j) = 5*j**2 + 103*j - 108. Let p be b(-24). Calculate the highest common factor of p and 80.
20
Let c(o) = 41*o - 57. Let b be c(6). Let y be 138/14 - (-27)/b. Calculate the greatest common divisor of y and 160.
10
Suppose 0 = 6*p - p - 3480. Suppose -11*f = -8*f - p. What is the greatest common factor of 29 and f?
29
Let q = -10 + 18. Let t(x) = -630*x + 654. Let u be t(1). Calculate the highest common divisor of u and q.
8
Suppose 0 = 2*x - v - 36, x = 2*v + 16 + 5. Let c(t) = t**3 + 29*t**2 + 94*t - 281. Let n be c(-23). What is the highest common divisor of n and x?
17
Let k be 197/((3 + -1 + -1)*-1). Let g = k - -278. Let f = -73 + g. Calculate the highest common divisor of f and 32.
8
Let q(y) = 0*y**2 - 2*y - 3*y**3 + 144 + y**2 + 7*y**3 - 3*y**3. Let l be q(0). Suppose 57 = -3*t + l. Calculate the highest common divisor of t and 319.
29
Let m = -206 - -438. Let a = 596 + -314. Suppose -42*p + a = -936. Calculate the highest common factor of m and p.
29
Let b be (1 - (-2 - 69))/(21 - 22). Let n be b/(-30)*(-1)/((-4)/30). What is the greatest common factor of n and 27?
9
Let n = 35297 - 35167. What is the highest common divisor of 871 and n?
13
Let s be (-28)/21*9*((-93)/9 - 1). What is the highest common divisor of s and 400?
8
Let p be 1*0/(2 - 4). Suppose -z + 4*z = -3*y + 69, p = -2*y - z + 50. Let d be 3/(-4) - 150/(-8). Calculate the greatest common divisor of y and d.
9
Suppose 3*d - y - 4 = 0, -5*d + 12 = -4*d + 5*y. Let h(p) = p**3 - 4*p**2 + p + 10. Let f be h(4). Calculate the greatest common divisor of d and f.
2
Let i(n) = 5*n - 37. Let a be i(8). Suppose 5*f - a*x = 32 + 103, f + 5*x = 55. Calculate the greatest common divisor of f and 80.
10
Suppose 3*k - 5*v - 7219 = -1547, 2*v - 1909 = -k. What is the highest common factor of k and 422?
211
Let u be (-51)/(-9) + (-2)/(-6). Let j(i) = i**2 + i - 345. Let y be j(20). Calculate the greatest common divisor of u and y.
3
Let f be 76/(((-49)/14)/(-7)). Suppose -2*t = -t - 5*i - 124, -f = -t - 2*i. What is the highest common factor of t and 48?
48
Suppose -82*a - 110 = -104*a. Suppose -3*q + 15 = 3. Suppose q*z - 2*y = 3*y + 10, -3*y = a*z - 31. Calculate the highest common divisor of 15 and z.
5
Let m(y) = 2*y - 4. Let o be m(6). Let n be 5 - (6 - 1152/114 - 22/(-209)). Calculate the greatest common factor of n and o.
1
Suppose -34 + 270 = t. Suppose -8*v + 12*v = t. Let u = v + -56. Calculate the greatest common factor of 6 and u.
3
Let v = 4260 - 4080. Suppose -482 = -2*f - 2*k - 0*k, 4*f + 2*k = 962. Calculate the greatest common divisor of v and f.
60
Suppose -5*m - 2*a = -2*m - 340, 4*m - 4*a = 420. Let f be 25 + -12 + 27/3. Calculate the greatest common divisor of f and m.
22
Let b(t) = 2*t**3 - 18*t**2 + 18*t - 60. Let l be 35/(-7)*12/(-5). Let o be b(l). What is the highest common divisor of o and 68?
68
Let j be (-2 + 1)/(9/(-5256) + 0). Suppose 3*n + n = -5*m + 970, -3*m - 2*n = -j. What is the highest common divisor of m and 11?
11
Suppose 4*n + 1 = -2*u - 3, 2*u + 3*n = 0. Let p be ((-3)/2)/(u/(-12)). Let c be p*1 + -3 + 149 + 6. Calculate the greatest common divisor of c and 31.
31
Let j = 3247 - 3149. What is the greatest common divisor of j and 791?
7
Suppose 0 = 4*v - 8, 5*n + 2152 = 7*n + 2*v. What is the greatest common factor of 12 and n?
6
Let y = 15181 - 8860. What is the highest common factor of 294 and y?
147
Suppose -5*f - 5*d + 18 - 3 = 0, -3*f = 4*d - 12. Suppose f = 4*q - 0*q + 16. Let l be (7/q)/((-3)/12). What is the greatest common divisor of 7 and l?
7
Let b be 303/((30 - 9)/7). Suppose -5 = -5*u, -3*n - 5*u + 200 + 45 = 0. Let f = b - n. Calculate the greatest common factor of f and 35.
7
Let d = -212630 + 212646. Let b = 1 + 3. Suppose -5*m + b*k + 245 = -631, 0 = 5*m + 4*k - 884. What is the greatest common factor of d and m?
16
Suppose 29*g + 42 + 16 = 0. Let r be 8/((-1)/(6/g)). What is the greatest common factor of r and 16?
8
Let u = -535 + 388. Let w be 4/42 - 2926/u. What is the highest common factor of w and 20?
20
Let v(u) = u**3 + 17*u**2 - 94*u - 1228. Let c be v(-18). What is the highest common divisor of c and 1540?
140
Suppose -23*c + 6871 = -3479. What is the highest common divisor of 2430 and c?
90
Let u = 15 - 9. Let q be 32/128 + 55/4. Let f = 28 + q. What is the highest common divisor of u and f?
6
Let q(u) = u**2 + u + 2. Let j be q(-6). Let f be (1 + 1)*(-1265)/(-22) + -2. Let k = f + -65. What is the greatest common factor of k and j?
16
Suppose 843 = 9*t - 714. Let r = t + -153. Calculate the highest common factor of 70 and r.
10
Let l(c) = c**2 + 46*c + 124. Let q be l(-43). Let n(k) = -36*k - 12. Let w be n(q). Calculate the highest common divisor of w and 112.
56
Let s be -12*6/(-48) + 142/4. Suppose 63 = 2*q + 5*b, 33*q - s*q + 66 = -2*b. Suppose -179 = -4*l + 353. Calculate the highest common divisor of q and l.
19
Let b(c) = -2*c**2 + c + 1. Let j(t) = 6*t**2 + 49*t - 179. Let y(i) = -4*b(i) - j(i). Let v be y(39). What is the greatest common factor of v and 50?
50
Let k = 6818 + -6595. What is the greatest common factor of 15164 and k?
223
Suppose -2*x = 2*w - 80, 5*w - 82*x = -86*x + 193. Suppose -5*z + p = -713, -4*z + z - 5*p = -439. Calculate the greatest common factor of w and z.
11
Suppose -177 = 5*v - 2. Let i be (14/v)/((-1)/5). Let s = -5 - -27. What is the greatest common divisor of s and i?
2
Let n be 16/((-36)/54 + 69/90). Calculate the greatest common factor of n and 5.
5
Let q(i) = -24*i**3 + 2*i**2 + 19*i + 33. Let f be q(-2). Suppose 2*g = -5*b + 47 + f, -2*b = -g - 95. What is the greatest common divisor of 128 and b?
16
Let o(b) = 2*b**2 - 5*b - 207. Let y be o(-11). What is the greatest common divisor of y and 855?
45
Let d be 3 - 1 - (-150)/(20/4). Suppose 64*c + d = 56*c. Let s be (58/c)/(4/(-16)). Calculate the greatest common factor of 29 and s.
29
Suppose -5*y + q = -4713 + 39, -5*q = 5*y - 4680. What is the highest common divisor of y and 51?
17
Let o be (6 - 5)*(107 - -4). What is the greatest common factor of o and 555?
111
Let l(t) = 26*t + 137. Let i be l(-15). Let a = i - -262. What is the highest common factor of a and 72?
9
Let b(z) = -6*z - 16. Let k be b(-4). Let n(g) = 23*g - 55. Let c be n(9). Calculate the greatest common factor of c and k.
8
Let s = 8 + 19. Let b(t) = 8*t + 56. Let q be b(-7). Suppose -4*m - 4*m + 72 = q. Calculate the highest common factor of m and s.
9
Let j = -89 - -101. Let t(x) = 131*x**2 - x. Let b be t(-1). What is the greatest common divisor of b and j?
12
Let q be (-100)/(-8) - (-4)/(-8). Suppose -q*b + 375 = 99. Calculate the highest common divisor of b and 161.
23
Let b(t) = -2*t - 36. Let n be (27 - 35)/(2/(-1 + 3)). Let i be b(n). Let d be (-3260)/i + (-2)/(3 - 2). What is the greatest common factor of d and 23?
23
Let v(n) = -3*n - n**2 + n**2 + 2*n**2 + 1 - 5. Let r be v(-4). Let k be (-156)/(-20) + (-10)/(-50). Calculate the greatest common factor of r and k.
8
Let a(h) = 3*h**3 - h**2 + h + 141. Let u be a(0). Let t be u + 0 + 1/(-1) + 5. What is the highest common divisor of 174 and t?
29
Let r(d) = 4*d**2 - d + 26. Let p be r(3). Let f = -35 + p. Let h be 3 + -2 - 3 - -194. What is the greatest common factor of f and h?
24
Let b(d) = d**2 + 8*d + 3. Let f be b(-8). Suppose 14*o = -47*o + 11163. What is the greatest common factor of o and f?
